tor of i and 1990.
5
Let w be (-27)/((-567)/14) + (-8)/3. Let z be ((-1)/w)/(4/(-384)*-4). What is the highest common divisor of 156 and z?
12
Suppose 4186 = 5*o - n, 15*o - 10*o - 2*n - 4187 = 0. Calculate the greatest common factor of 62 and o.
31
Let m(l) = l - 15. Let n be m(-8). Let c = n - -33. Let o = -56 - -166. What is the greatest common factor of c and o?
10
Let j(n) = -n**3 + 6*n**2 + 19*n - 7. Let u be j(8). Suppose 16*l + 37 = u*l. Let y = 65 - 28. Calculate the greatest common factor of l and y.
37
Let f = 147 + -150. Let b be ((-408)/36)/((8/f)/4). What is the greatest common divisor of b and 527?
17
Suppose 40*t - 1424 = -4229 - 2915. Let z be (30/8)/((-2)/(-96)). Let v = t + z. Calculate the greatest common divisor of v and 37.
37
Let y = -448 + 152. Let s = y + 373. Calculate the highest common divisor of 11 and s.
11
Let z be -1*(3 - 192*-1). Let b = -168 - z. What is the highest common factor of b and 189?
27
Let y(q) = 3*q - 136. Let c be y(-8). Let x = c - -187. Calculate the highest common divisor of x and 135.
27
Let q(p) = 50*p - 943. Let f be q(32). What is the highest common divisor of f and 9?
9
Let l be (433 + -1)*-26*100/(-80). Calculate the highest common divisor of 60 and l.
60
Let d(i) = 10*i**2 - 4*i - 4. Let v be d(-3). Let o be 1*(1 + -1) + (10 - -70). Let n = v - o. Calculate the greatest common divisor of n and 6.
6
Let k be 32*-16*320/(-40). Calculate the highest common divisor of 96 and k.
32
Suppose -2*r = 2*a - 64, 11*r - 3*a - 192 = 6*r. Calculate the highest common factor of r and 486.
18
Suppose 59 = o - 3*t, 2*t = -4*o + 206 - 40. Suppose -4*c + d + 10 = -2*d, -5*c - 3*d = -26. Calculate the highest common divisor of o and c.
4
Let t = 1041 + -988. What is the highest common factor of t and 4399?
53
Let i = -778 + 799. Suppose -i*v + 12*v + 432 = 0. Suppose 3*b = 2*w - 3*w + 36, -4*w - 5*b = -144. What is the greatest common divisor of w and v?
12
Let s = -1159 + 1719. What is the highest common factor of 98 and s?
14
Let k(w) = -8*w**2 - 167*w - 37. Let o(i) = 3*i**2 + 56*i + 13. Let a(q) = -4*k(q) - 11*o(q). Let z be a(35). Calculate the highest common factor of z and 80.
40
Suppose 37*v + 17047 = 22375. Calculate the greatest common divisor of v and 732.
12
Let t = -60 + 96. Let x be (-46)/(-943) + -229*(-232)/164. What is the highest common divisor of x and t?
36
Suppose 348 = -12*g + 6*g. Let l be (1 + g)*13/(156/(-8)). What is the greatest common divisor of l and 95?
19
Let m(s) = -s + 7. Let t be m(9). Let c be ((24 - 3) + t)*1. Let r = c - 12. What is the highest common divisor of 56 and r?
7
Let y(x) = -98*x + 183. Let t be y(-7). Let u = t + -861. What is the greatest common divisor of u and 808?
8
Suppose -2*x + 3*r = -435, 5*x + 3*r + 867 = 9*x. What is the highest common divisor of x and 513?
27
Let l = 3137 - 1576. What is the highest common divisor of l and 21?
7
Let z be (-6)/9 - 70/(-6). Let s be (-570)/(-57) - (2 + 7). What is the highest common factor of z and s?
1
Let u = -30732 + 30733. What is the greatest common factor of u and 193?
1
Let b be (6 + 364/(-21))*(-42)/4. What is the highest common divisor of b and 1479?
17
Let p be (((-37791)/12)/17)/((-3)/32). Calculate the highest common factor of 624 and p.
104
Suppose 49*x - 16686 - 24768 = 0. What is the greatest common divisor of x and 198?
18
Suppose 8*g = 4*v + 81724, -5*g + 4*v - 9*v + 51145 = 0. Calculate the highest common divisor of g and 219.
73
Let u(w) = 294*w**2 - 8*w - 561. Let a be u(-12). Calculate the greatest common divisor of 51 and a.
51
Suppose 20*m + 146 = 21*m. Let b = m - -1349. What is the greatest common factor of 23 and b?
23
Suppose 2*n - 235 = 195. Suppose 4*b = n + 25. Suppose -5*h - 3*x + 8*x + b = 0, 2*x + 51 = 5*h. Calculate the highest common factor of 9 and h.
9
Let u be (-4)/6 - (-196)/12*-7. Let f = -97 - u. Let t be (12 - 10)*(1 - 0). Calculate the greatest common divisor of t and f.
2
Let y(s) = -s**2 + 2*s + 2. Let f be y(-2). Let d be f/2*(5 + -8). Let n = 6 + d. Calculate the highest common divisor of 5 and n.
5
Let h(n) = n**2 + 2*n - 15. Suppose 3 = o + 10. Let i be h(o). Suppose -4 - 1 = -5*s + 3*t, 2*t = 3*s - 2. Calculate the highest common divisor of i and s.
4
Let p(h) = 509*h - 8117. Let r be p(16). Let l(u) = -3*u - 3. Let m be l(-2). Calculate the greatest common divisor of m and r.
3
Suppose -4*u + 150 - 90 = 0. Suppose 13*i - u*i = -736. Calculate the greatest common divisor of 16 and i.
16
Suppose -33 - 20 = -g + 4*v, -5*v - 340 = -5*g. What is the highest common factor of 64240 and g?
73
Let a = -559 + 136. Let m = -414 - a. What is the greatest common factor of 33 and m?
3
Suppose 0 = 6026*b - 5999*b - 2457. Let s(v) = -v**3 - 5*v**2 + 8*v + 9. Let i be s(-7). Let a = i + -25. Calculate the greatest common factor of a and b.
13
Let l(v) = 3*v**2 + 22*v + 382. Let h be l(-16). What is the highest common factor of h and 210?
42
Let f(v) = -v**3 + 3*v**2 + 2*v - 6. Let y be f(-3). Let c be ((-40)/7)/(y/(-147)). Let i be 161 - -1*(-2 + 1). Calculate the highest common factor of i and c.
20
Suppose -2*x = -3*l + 2 - 29, 3 = 3*x + 3*l. Let u be (x - 9)/((-2)/(-178)). Let c = -189 - u. Calculate the greatest common divisor of c and 39.
39
Let t(b) = -b + 1. Let v be t(1). Suppose 2*m + v - 14 = 0. Let k(h) = -h**3 + 8*h**2 - 5*h + 2. Let o be k(m). What is the highest common factor of 64 and o?
16
Let a = -20898 - -20903. Calculate the highest common divisor of 915 and a.
5
Let c be -10 + 9 + (-6)/(-2). Suppose -2*g - 21 + 0 = -3*r, -5*g - 14 = -c*r. What is the greatest common factor of r and 497?
7
Suppose 8*j = 19*j + 12925. Let l = j + 1661. Calculate the greatest common factor of l and 27.
27
Suppose 5*g + 3*w - 112 = 160, 0 = -4*g + w + 204. What is the greatest common factor of 2860 and g?
52
Let t = 8586 + -7088. What is the greatest common factor of 5778 and t?
214
Let j = -1469 - -1779. Calculate the highest common divisor of j and 80.
10
Let r(u) = 4*u + 230 - u - 5*u - 14*u - 70. Let q be r(-11). Calculate the highest common factor of q and 12.
12
Let t be -3*(-2 + 7)*-2. Let y be (-8)/(-12) - (-112)/3. Suppose 3*i + i = 5*n - y, -i - 2 = 0. Calculate the greatest common divisor of n and t.
6
Let g = -1277 - -1876. Suppose 0 = 16*u + 55 - g. Calculate the highest common factor of u and 136.
34
Let h be 323 + 19 + -12 + 3. What is the greatest common divisor of h and 37?
37
Let v = 94 - 335. Let w = v + 250. Calculate the greatest common divisor of w and 414.
9
Suppose -49*o - 34228 = -118116. What is the highest common divisor of o and 16?
16
Let y = -5 + 8. Let c be y - 272/(-4) - 1. Let f be (-3)/(137/c + -2). Calculate the greatest common divisor of 35 and f.
35
Suppose -145*k - 74*k + 11019 + 516552 = 0. What is the highest common factor of k and 73?
73
Suppose -10*q + 14*q = 8, 2*l + 3*q = 1866. Calculate the greatest common divisor of 120 and l.
30
Suppose -4*b + 3*w + 176 = -w, -5*b - 3*w + 252 = 0. Suppose -5*s + 110 = 5*r, 0 = -5*r + 5*s + 85 - 15. Calculate the highest common divisor of b and r.
6
Suppose -2969 + 1853 = -2*h. What is the greatest common factor of 1736 and h?
62
Let u = 16099 + -16014. Calculate the greatest common factor of u and 155.
5
Let o = 256 + -253. Suppose -8 = -g + 8. Suppose -4*m + g = 0, 2*z + 0*m = -o*m + 462. What is the greatest common factor of 25 and z?
25
Suppose -136 = -3*r - 3*o + 23, -3*r + 127 = -5*o. Suppose 0 = 5*n - 69 + r. What is the greatest common factor of 54 and n?
2
Let l(r) = -5*r - 63. Let k be l(-15). Suppose 5*j = 5*g + 80, j - 16 - 16 = 5*g. What is the greatest common divisor of k and j?
12
Suppose -32*z = -4429 - 787. What is the greatest common factor of 2 and z?
1
Let t be 88/33*(-30)/8. Let v = 22 + t. What is the highest common divisor of v and 84?
12
Suppose -4*u = u - 1310. Let a = u + -126. Let r be (17/7)/(14946/742 + -20). Calculate the highest common divisor of a and r.
17
Let m(o) = -o**3 + 15*o**2 + 36*o + 17. Let n be 12/(-192)*-136*2*1. Let b be m(n). What is the highest common factor of 442 and b?
17
Let g(s) = -s**2 - s + 170. Let m be g(0). What is the highest common divisor of 1921 and m?
17
Let w be 0*(3 - (-3 + 7)). Let u = 151 - 143. Let y be w - (4 - u - 156). Calculate the